32 is divided by (-3 - (-10)/(-4))*(-3 + 1)?
10
Let h(p) = 21*p**3 - 3*p**2 + p + 1. What is the remainder when 37 is divided by h(1)?
17
What is the remainder when 6/(-4) + (-82)/(-4) is divided by (-4)/((-12)/33) - 0?
8
Calculate the remainder when (-16)/((-20)/5) - -20 is divided by 14.
10
Let t(v) = -v + 12. What is the remainder when t(-15) is divided by 10?
7
Suppose -g - 17 = -b, -5*b - 5*g + 30 = -35. Calculate the remainder when 28 is divided by b.
13
Let i = 146 + -86. What is the remainder when i is divided by 21?
18
Let r = -7 - 2. Let i = r + 54. What is the remainder when i is divided by 16?
13
Let l be 4/18 - 561/(-27). Suppose -l = -5*n - 6. Let y(s) = 2*s**3 - 4*s**2 + s + 1. Calculate the remainder when y(n) is divided by 8.
6
Let h = 0 - -6. Let m(z) = 2*z**2 - 9*z + 5. What is the remainder when m(h) is divided by 12?
11
Suppose 9*v - 4*v - 60 = 0. Let a(s) = s**3 - 11*s**2 - 9*s - 6. Calculate the remainder when a(v) is divided by (-6)/15 - (-164)/10.
14
Let t(y) be the third derivative of -y**6/120 - y**5/12 - y**4/6 + y**3/3 - y**2. Let l = 0 - -8. Calculate the remainder when t(-5) is divided by l.
6
Let y(h) = -3*h**2 - 1 + 7*h**2 - 2*h + 2*h**2. What is the remainder when y(-1) is divided by 5?
2
Suppose -4*c + 3*c = -157. Calculate the remainder when c is divided by 40.
37
Let v(u) = 8*u**2 - u + 1. Calculate the remainder when 14 is divided by v(-1).
4
Suppose 0 = 3*w - 178 + 25. Calculate the remainder when w is divided by 14.
9
Let z = -22 + 42. Let u(s) = -s**2 - s + 9. Let r be u(0). Suppose -2*w + 5 = -r. What is the remainder when z is divided by w?
6
Suppose -4*n = 2*r - 5*n - 12, -r = -3*n - 16. What is the remainder when (-6 - r)/((-2)/4) is divided by 11?
9
Suppose 0*u = 3*u - 126. Calculate the remainder when u is divided by 9.
6
Suppose 0 = -5*t + 13 + 2. Let u = t + 0. What is the remainder when 5 is divided by u?
2
What is the remainder when 71 is divided by (36/21)/((-7)/(-98))?
23
Let d = 101 - 58. Calculate the remainder when d is divided by (-2)/(-2*5/55).
10
What is the remainder when 27 is divided by (0 - (-28)/6)*6/4?
6
Let d(v) = 4*v**2 + 37*v - 25. Let a(k) = k**2 + 9*k - 6. Let y(n) = -9*a(n) + 2*d(n). What is the remainder when y(-6) is divided by 6?
4
Let y = 46 + -9. What is the remainder when 110 is divided by y?
36
Let f = -91 - -195. Suppose -4*j - 26 = -w, -w - 3*w + 4*j + f = 0. What is the remainder when w is divided by 7?
5
Let g(c) = c - 10. What is the remainder when 71 is divided by g(22)?
11
Let m(o) = -1. Let i(a) = a + 1. Let u(d) = i(d) - 2*m(d). Suppose b - 15 = 1. What is the remainder when b is divided by u(6)?
7
Suppose 0*w + 55 = w. Suppose -w + 11 = -4*z. Calculate the remainder when 19 + 0 + (1 - -1) is divided by z.
10
Suppose 3*q - 31 = -2*s + 36, 13 = q - 4*s. Calculate the remainder when q is divided by 10.
1
Let r be (-2)/(-7)*(-154)/(-11). Suppose -6*b + 2*b = -4, 0 = 2*g + r*b - 46. Calculate the remainder when g is divided by 12.
9
Let h(r) = 2*r**3 - 4*r**2 + 1. Suppose -d = -s + 58, s + s + d = 107. Calculate the remainder when s is divided by h(3).
17
Suppose q + 0*q + 9 = 0. Calculate the remainder when 21 is divided by (-90)/(-14) + q/21.
3
Let i(f) = -f**2 + 8*f + 4. What is the remainder when 63 is divided by i(7)?
8
Suppose 8 + 12 = -4*k, 52 = 3*m + 4*k. Calculate the remainder when (-35)/14*(-4 - 34) is divided by m.
23
Suppose 5*v = i + 4*i + 175, 3*v = 4*i + 102. Calculate the remainder when 74 is divided by v.
36
Suppose 68 + 3 = h. What is the remainder when h is divided by 18?
17
Suppose -2*g + 2*d - 26 = 6*d, -3*g + d = 11. Let h(j) = j**2 + j - 4. Calculate the remainder when h(g) is divided by 6.
4
Let u(m) = 2*m**2 + 3*m - 2. What is the remainder when u(2) is divided by 5?
2
Let b(h) = -h**2 - 1. Let o be b(-2). Let c(v) = 0*v + v - 1 + v - 5*v. What is the remainder when 41 is divided by c(o)?
13
Suppose -4*d + 29 - 9 = 0. Suppose -2*n - u + 224 = -2*u, -n + 103 = -d*u. Let i = -79 + n. Calculate the remainder when i is divided by 12.
10
Suppose 3*f + 22 - 88 = 0. What is the remainder when f is divided by 12?
10
Let x = -4 + 2. Let d(i) = 5*i**2 + 2*i - 1. Let v be d(x). Suppose -c - v = -6*c. Calculate the remainder when 7 is divided by c.
1
Let h(l) = 64*l**3 - 2*l**2 + l. Calculate the remainder when h(1) is divided by 16.
15
Suppose 5*q + 5*x = 55, 5*q - 14*x - 28 = -10*x. Suppose 0 = -3*y + 5*b + 122, 0*y - y - 5*b + 34 = 0. Calculate the remainder when y is divided by q.
7
Suppose 10 = 6*h - 2. Calculate the remainder when 4 is divided by h.
0
Let l = 16 - 9. Suppose -4*j - l + 19 = 0. Suppose j*z + 21 = 5*d - 20, -10 = 5*z. Calculate the remainder when d is divided by 2.
1
Suppose 2*h - 14 = -2*n, 0 = 2*n + 2*h - h - 17. Let a = 24 - n. Suppose 11 = t - 4*c - a, -2*c = -5*t + 71. What is the remainder when 38 is divided by t?
12
Suppose 0 = 3*a - 65 + 11. Let c(q) = -q**2 + 17*q - 3. What is the remainder when c(8) is divided by a?
15
Suppose -2*v - v = -30. Suppose 2*w + v = 4*w. Let q = 6 + w. Calculate the remainder when q is divided by 4.
3
Suppose 2*j + 2*j = 264. Suppose r + 17 = -3*u + 48, -9 = -u + r. Let t = 27 - u. What is the remainder when j is divided by t?
15
Suppose -3*l = -4*r + 3*r - 95, 3*l - 335 = 4*r. Let q = r - -164. Calculate the remainder when q is divided by 29.
26
Suppose 3*q + 6 = 0, -c + 172 = 4*c - q. Let g = c - 22. Calculate the remainder when 47 is divided by g.
11
Let a = 5 - 2. Suppose -2*y + r + 38 = a, 3*y = -3*r + 39. What is the remainder when 30 + -2*(-2)/4 is divided by y?
15
Suppose 5*y = 2*y + 24. Let x = y - 6. Suppose -6 = x*h - 4*h. Calculate the remainder when 8 is divided by h.
2
Suppose -k + j - 13 = 0, -4*k + j + j = 54. Let q = -6 - k. What is the remainder when 14 is divided by q?
6
Suppose -21 = -3*z + 3. Let h(v) = v**3 - 8*v**2 + 2*v - 2. What is the remainder when 25 is divided by h(z)?
11
What is the remainder when ((-92)/4*1)/(-1) is divided by 6?
5
Let a = 99 - 46. Suppose -k + 3*c = k - 37, 3*c = 5*k - 79. Calculate the remainder when a is divided by k.
11
Let o(k) = -5*k - 8. Let r be o(-6). Let j = 8 - 21. Let s = j + r. Calculate the remainder when s is divided by 5.
4
Suppose -5*s + 27 + 33 = 0. What is the remainder when 57 is divided by s?
9
Suppose 3*l = -3*u + 18, -4*u - 4*l + 8*l + 32 = 0. Suppose 5*a = z + 95, 2*a = 5*a - z - 59. What is the remainder when a is divided by u?
4
Suppose 2*b + 1 - 5 = 0. Calculate the remainder when 2 is divided by b.
0
Let v = 7 - -8. Suppose -4*b + u + u - 14 = 0, -3*b + 4*u + 2 = 0. Calculate the remainder when (6/(-4))/(b/112) is divided by v.
13
Let r(a) = 6*a - 7. Suppose 6 = 3*u, 2*s + 5*u = 62 - 16. What is the remainder when s is divided by r(2)?
3
Let l be 5 - (0/1 - -2). Suppose 0 = -l*x + 7*x - 40. Calculate the remainder when 29 is divided by x.
9
Suppose -21 = 3*i + 15. Let c = i - -21. Let v(w) = 13*w. What is the remainder when v(2) is divided by c?
8
Suppose 0*q = 4*q - 16. Suppose 6*v - 9*v = -9. Calculate the remainder when q is divided by v.
1
Let u(g) = -g**3 + 8*g**2 + 10. Let h(p) = -2*p**2 - 6*p - 3. Let z be h(-5). Let q = z - -51. What is the remainder when q is divided by u(8)?
8
Suppose 0 = -3*y + 5*o - 6, 2*o - 4*o + 18 = 4*y. Let c = -1 - -8. What is the remainder when c is divided by y?
1
Suppose 4*o - o = -4*r + 160, 0 = 2*r + 4*o - 90. Suppose -4*f = 2*f - 60. Calculate the remainder when r is divided by f.
7
Let g = -5 + 3. Let p(j) = -j**3 - j**2 + 2*j + 3. Suppose -4*f - 3*d + 52 = d, -25 = -5*d. What is the remainder when f is divided by p(g)?
2
Suppose -4*y + 26 = n, 0 = -0*n + 2*n - 3*y - 107. Let f = 35 + -19. Calculate the remainder when n is divided by f.
14
Suppose 0*b - 30 = -3*b. Suppose 3*g - 42 = 39. What is the remainder when g is divided by ((-35)/b)/((-1)/4)?
13
Let z(g) = g + 3. Let x be z(-11). What is the remainder when ((-6)/(-4))/((-3)/x) is divided by 2?
0
Calculate the remainder when 35/20*(0 + 16) is divided by 16.
12
Let n(x) = x**2 - 6*x - 10. Let j be n(7). Let z = 16 + j. Calculate the remainder when 51 is divided by z.
12
Suppose -3*v - 9 = 4*x - 115, -3*x = 4*v - 76. Calculate the remainder when 82 is divided by x.
26
Let y(i) = -i**3 + 12*i**2 - 16*i - 31. Let t(u) =